s the thousands digit of (((-36)/8)/(2/772))/((-7)/49)?
2
Let h = 6 + -1. Let o(m) = m**3 + 27*m**2 - 59*m - 29. Let f be o(-29). Suppose f = -h*g + 1480 - 385. What is the units digit of g?
9
Let l = -3519 - -4518. What is the tens digit of l?
9
Let b(i) = -15*i**3 - 10*i**2 + 52*i + 305. What is the units digit of b(-10)?
5
Let w(l) = l**3 - 20*l**2 - 19*l - 39. Let r be w(21). Suppose 2*c + 20 = -r*c, -3*c = f + 49. What is the tens digit of f/(22/4 - 3 - 3)?
7
Let d(j) = -j**2 - 12*j - 4. Let b be d(-5). Suppose 40488 = -b*q + 59*q. What is the units digit of q?
6
Let j = -670 + 673. Suppose -730 = -4*i - 2*z, -j*i + 2*z - 7*z = -558. What is the hundreds digit of i?
1
Let o = -20757 + 30177. What is the hundreds digit of o?
4
What is the units digit of -350*(38/6 - 5)*(-204)/10?
0
Let p(f) = 188*f - 94*f + 516*f + 132*f + 32. What is the hundreds digit of p(2)?
5
Suppose 360817 = 214*b - 1357387 - 572024. What is the thousands digit of b?
0
Suppose 3*o - n = -3*n + 1296, o - 5*n - 449 = 0. Let b = o - 97. What is the tens digit of 2/3 + b/3?
1
Suppose -66*o = -48*o - 48*o + 1914960. What is the thousands digit of o?
3
Let l(b) = 505*b**2 + 22*b + 33. What is the units digit of l(-6)?
1
Let t = 203 - 113. Let m = 92 - t. Let a(k) = 77*k. What is the hundreds digit of a(m)?
1
Suppose 41*i + 20 = 40*i. Let l be (-1 + 2)*(-1120)/i. Let r = -35 + l. What is the tens digit of r?
2
Let c = 74884 - 33252. What is the tens digit of c?
3
Let o = 9 - 6. Let s be (15 - 16)*6/(-2)*2. Suppose o*g = 9, z - s*z + 3*g + 276 = 0. What is the units digit of z?
7
Let z(x) = 418*x**3 + 112*x**2 - 357*x - 3. What is the ten thousands digit of z(3)?
1
Let c be ((-5826)/18 - 1)*1*-3. What is the hundreds digit of 6/(-4)*(-11)/33*c?
4
Let q(d) = -d - 8. Let u be q(-8). Suppose 0 = -2*g + 3*h + 767, 0 = -5*g - u*h - h + 1960. What is the hundreds digit of g?
3
Suppose 357857 - 25481 = 132*i. What is the tens digit of i?
1
What is the tens digit of 25/((-1725)/161)*-12057?
3
Suppose -17*d = -12*d. Suppose 3*r - 5*r + 6 = d. Suppose r*y + y = 292. What is the tens digit of y?
7
Suppose -4*q - o = -13574, 5*o - 1475 = -q + 1928. What is the tens digit of q?
9
Let h(j) = -j**3 - 4*j**2 - 6*j + 11. Suppose -2*q + 3*q = 4. Let t(s) = s**3 + 3*s**2 + 6*s - 12. Let v(b) = q*h(b) + 3*t(b). What is the units digit of v(-6)?
8
Let b = 171469 + -109108. What is the tens digit of b?
6
Let d(w) be the third derivative of -w**5/60 + 11*w**4/24 + 8*w**3/3 - 26*w**2. Let p be d(12). Suppose -2*v + p*v - 110 = 0. What is the tens digit of v?
5
Let o(z) = z**3 + 8*z**2 - 9*z + 7. Let w be o(-9). Suppose -w*h + 1915 = 221. Suppose 4*k = 42 + h. What is the units digit of k?
1
Let h = 335 + -227. Suppose 0 = -106*b + h*b - 68. What is the units digit of b?
4
Suppose 318 = 2*s - 5*w, -664 = -4*s - 0*s - 4*w. Let h = s - 87. What is the tens digit of h?
7
Suppose 6 = 2*o + 2. Let m = 343 - 182. Suppose 3 = o*v - m. What is the tens digit of v?
8
Let r(o) = 17 + 65*o + 27 - 10 - 62*o. Let i be r(-10). Suppose 20 = -4*z, i*z - 106 = -2*v + 118. What is the hundreds digit of v?
1
Suppose 0*u = 3*u - 4*q + 72, -5*u = -3*q + 120. Let t be (u/(-21))/(-4) + (-132)/(-21). What is the hundreds digit of (-52)/(-78) - (-656)/t?
1
Let f = 205 - 203. Let z(n) = 57*n**2 - 4*n + 11. What is the hundreds digit of z(f)?
2
Suppose 0 = w - i + 13, 2*w + 4*i = i - 31. Let p(t) = -t**3 - 13*t**2 + 6*t - 23. What is the units digit of p(w)?
9
Let t(q) = -10*q + 3. Let o be t(3). Let f = -27 - o. Suppose f = m + 24 - 131. What is the hundreds digit of m?
1
Suppose -5 = -1109*y + 1110*y, -2565 = -v - y. What is the hundreds digit of v?
5
Suppose 0 = 4*r - 7*r + 9*y + 41652, 69363 = 5*r + 4*y. What is the thousands digit of r?
3
Suppose -117*y + 904230 - 776201 = -1369454. What is the units digit of y?
9
Suppose -54*s + 34*s = -238540. What is the units digit of s?
7
Suppose -4*z - 4*z - 49036 = -2*t, 0 = -2*t - 4*z + 48964. What is the thousands digit of t?
4
Let j(w) = -6*w - 15. Let v be j(-3). Let t be 0*(0 - (v - 2)). Suppose t = -p + 11 + 69. What is the units digit of p?
0
Suppose 0 = 3*r + 4*s - 20, 3*s + s + 4 = 3*r. Suppose 2457 - 889 = r*d. What is the hundreds digit of d?
3
Let t = 104 - 18. Let r = 317 + t. What is the hundreds digit of r?
4
Suppose 12*d + 252 = 15*d. Let j = d - 70. What is the tens digit of j/(-49) + (-261)/(-7)?
3
Let x be ((-52)/(-13))/(4/15). What is the hundreds digit of 952*(x/(-6) + 5 + -2)?
4
Let t(u) = u**2 + 28*u - 56. Let x be t(-30). Suppose 4*i + 2*s - 1674 = 0, -2*i + 2*s = x*s - 836. What is the hundreds digit of i?
4
Suppose 0 = -2*o + 3*n - 2*n + 1552, -4*n + 3128 = 4*o. Suppose 2*p + 4*b - o - 1788 = 0, 6415 = 5*p - 3*b. What is the hundreds digit of p?
2
Suppose q + 4 = -3*n, -5*n + 2*q - 4*q - 8 = 0. Suppose -24*o + 28*o - 36 = n. Let x = o - 6. What is the units digit of x?
3
Let l(w) = -751*w + 60. Let r(m) = -250*m + 21. Let h(g) = -3*l(g) + 8*r(g). What is the tens digit of h(3)?
4
Suppose -3*n + 19476 = -3*b - 10713, 50357 = 5*n + 2*b. What is the hundreds digit of n?
0
Let p(u) = -3*u - 28. Suppose -r - 20 = r. Let t be p(r). Suppose q - 21 = -2*b + 37, -t*q - 58 = -2*b. What is the units digit of b?
9
Suppose 10*l + 240 = 18*l. Suppose -10347 = -l*x + 7053. What is the hundreds digit of x?
5
Let p = 23788 - 10165. What is the units digit of p?
3
Let r be ((-138)/9)/(3/9). Let n = r + 49. Let h = n - -89. What is the tens digit of h?
9
Let m be 2 + 30/(-14) + (-525)/(-245). Suppose -4*s + 390 = -4*q - 166, 3*s - m*q = 422. What is the hundreds digit of s?
1
Suppose 28*k - 34*k + 114 = 0. Suppose -k*g - 178 = -21*g. What is the tens digit of g?
8
Suppose 2*v + 275210 = 8*v + 4*v. What is the tens digit of v?
2
Suppose 3*v + 136 = 4*y, -2*y = 5*v - 7*v - 66. Let l be 2/8 - 38/(-8). Suppose p = l*z + 73, -p = 6*z - 2*z - y. What is the units digit of p?
3
Suppose -66 + 34 = 4*u. Let b = 12 + u. Suppose 216 = b*q - 4*f, -4*q + 0*f = -3*f - 215. What is the units digit of q?
3
Suppose 303 + 275 = -2*p. Let w = p - -346. What is the units digit of w?
7
Let u be (-3 + (-7)/(-3))*-3. Suppose -620 = -5*r + x, -2*r - 5*x = u*r - 496. What is the units digit of r?
4
Let x(o) = -40*o + 18. Let d be x(-11). Let k = 1026 - d. What is the tens digit of k?
6
What is the units digit of -6*((-18155)/20)/(6/48)?
2
Suppose 10*g + 0*g - 30 = 0. Suppose -3*v - g*b = -876, 5*b = -7*v + 6*v + 272. What is the tens digit of v?
9
Let i be (-6)/3*3/(-2). Suppose -5*g = -3*g - 5*m - 1023, i*g - 1547 = 5*m. What is the hundreds digit of g?
5
Suppose 3*d = -2*l + 6*l - 23, 3*d + 31 = 5*l. What is the units digit of (12/5)/(1/(1020/l))?
6
Let w be 2*(1 - 662/4). Let h = 6 - w. Suppose 5*f - h = 125. What is the tens digit of f?
9
Suppose 4*w - 5*w + 10 = 0. Suppose -w*a + 590 = -0*a. Let q = -33 + a. What is the units digit of q?
6
Let f = -20177 - -29001. What is the tens digit of f?
2
Let x = 13598 - 9201. What is the units digit of x?
7
Let f be 6 - 12 - (-396)/3. Let n = 283 - f. What is the tens digit of n?
5
Let k(o) be the second derivative of -o**5/5 - 7*o**4/12 + 17*o**3/6 + 19*o**2 - 30*o. What is the hundreds digit of k(-6)?
5
Suppose -34*h + 22252 = -10490. What is the hundreds digit of h?
9
Let n(k) = 3046*k**3 - 22*k**2 + 19*k + 1. What is the thousands digit of n(1)?
3
Let m = -44 - -39. Let i(d) = -d**3 - 9*d**2 - 23*d - 7. What is the units digit of i(m)?
8
Let z = -282 + 284. Suppose -z*n = -8*n + 7056. What is the thousands digit of n?
1
Let u be (-4)/(-10) - (-140)/25. Suppose -3*w - 30 = -u*w. What is the units digit of w/4*(-88)/(-10)?
2
Let i(t) = t**2 - 3*t + 11. Let b(n) = -6*n - 19. Let m be b(-4). Let f be i(m). What is the units digit of 4/(28/f)*(-236)/(-6)?
8
Let k be 3 + -5*1*(-152)/20. Suppose 33 - k = -4*r. Suppose -7*i + 2*i + 115 = r*p, 0 = -p + 3*i + 30. What is the tens digit of p?
4
Let h(v) = -11232*v - 7070. What is the units digit of h(-5)?
0
Let q(r) = -2*r**2 - 7*r. Let c be q(-4). What is the hundreds digit of 85*c/(-20)*22?
3
Suppose -53125 = -37*w + 166951. What is the tens digit of w?
4
Suppose -1919374 = -285*j + 2744651. What is the tens digit of j?
6
Let w(o) = 2*o**2 - 4*o + 18. Suppose -5*t + 3*k = 2*k + 42, 5*k + 15 = 0. What is